Calculate the remainder when 20854 is divided by 2690.
2024
Calculate the remainder when 696 is divided by 20.
16
What is the remainder when 130662 is divided by 24?
6
What is the remainder when 52439 is divided by 12?
11
What is the remainder when 1824 is divided by 909?
6
Calculate the remainder when 42847 is divided by 397.
368
What is the remainder when 8324 is divided by 45?
44
Calculate the remainder when 3673 is divided by 630.
523
Calculate the remainder when 103790 is divided by 577.
507
Calculate the remainder when 39318 is divided by 52.
6
Calculate the remainder when 852997 is divided by 512.
5
Calculate the remainder when 10590 is divided by 1481.
223
Calculate the remainder when 16673 is divided by 16655.
18
Calculate the remainder when 68598 is divided by 28.
26
What is the remainder when 9552 is divided by 462?
312
What is the remainder when 12157 is divided by 1482?
301
What is the remainder when 62625 is divided by 204?
201
What is the remainder when 8326 is divided by 2056?
102
Calculate the remainder when 1104 is divided by 974.
130
What is the remainder when 7766 is divided by 3828?
110
What is the remainder when 211582 is divided by 105751?
80
Calculate the remainder when 628 is divided by 91.
82
What is the remainder when 43362 is divided by 4809?
81
What is the remainder when 21061 is divided by 1504?
5
What is the remainder when 4388 is divided by 2111?
166
Calculate the remainder when 564903 is divided by 4.
3
What is the remainder when 971234 is divided by 485602?
30
What is the remainder when 45139 is divided by 80?
19
What is the remainder when 47934 is divided by 1775?
9
What is the remainder when 134814 is divided by 39?
30
Calculate the remainder when 15514 is divided by 20.
14
Calculate the remainder when 116 is divided by 51.
14
Calculate the remainder when 8993 is divided by 77.
61
Calculate the remainder when 1658 is divided by 21.
20
Calculate the remainder when 1755 is divided by 352.
347
What is the remainder when 3029 is divided by 599?
34
What is the remainder when 77615 is divided by 63?
62
What is the remainder when 1197 is divided by 65?
27
What is the remainder when 2637 is divided by 113?
38
Calculate the remainder when 4711 is divided by 168.
7
Calculate the remainder when 2134 is divided by 47.
19
Calculate the remainder when 17591 is divided by 398.
79
Calculate the remainder when 5836 is divided by 405.
166
What is the remainder when 4897 is divided by 229?
88
Calculate the remainder when 5149 is divided by 1019.
54
Calculate the remainder when 141853 is divided by 222.
217
Calculate the remainder when 58625 is divided by 51.
26
What is the remainder when 12276 is divided by 94?
56
What is the remainder when 143427 is divided by 1316?
1299
Calculate the remainder when 18675 is divided by 66.
63
Calculate the remainder when 2328 is divided by 2296.
32
Calculate the remainder when 660 is divided by 68.
48
What is the remainder when 30861 is divided by 10275?
36
Calculate the remainder when 399035 is divided by 430.
425
What is the remainder when 93150 is divided by 3724?
50
Calculate the remainder when 100284 is divided by 2865.
9
What is the remainder when 8309 is divided by 396?
389
What is the remainder when 93856 is divided by 903?
847
Calculate the remainder when 828237 is divided by 1034.
3
What is the remainder when 17007 is divided by 5669?
0
What is the remainder when 837700 is divided by 67?
66
Calculate the remainder when 86667 is divided by 1494.
15
Calculate the remainder when 544 is divided by 218.
108
Calculate the remainder when 6215 is divided by 3104.
7
Calculate the remainder when 22007 is divided by 31.
28
Calculate the remainder when 2401 is divided by 297.
25
Calculate the remainder when 56791 is divided by 56725.
66
Calculate the remainder when 128249 is divided by 85.
69
Calculate the remainder when 5971 is divided by 78.
43
Calculate the remainder when 87983 is divided by 13.
12
Calculate the remainder when 14271 is divided by 476.
467
Calculate the remainder when 1322 is divided by 206.
86
Calculate the remainder when 6784 is divided by 6.
4
What is the remainder when 1188711 is divided by 1040?
1031
What is the remainder when 36793 is divided by 786?
637
What is the remainder when 12117 is divided by 15?
12
What is the remainder when 367 is divided by 8?
7
Calculate the remainder when 2246 is divided by 18.
14
What is the remainder when 436792 is divided by 161?
160
What is the remainder when 3704 is divided by 14?
8
What is the remainder when 2187 is divided by 96?
75
What is the remainder when 7011 is divided by 42?
39
Calculate the remainder when 76035 is divided by 142.
65
Calculate the remainder when 16754 is divided by 1861.
5
What is the remainder when 453 is divided by 174?
105
What is the remainder when 9710 is divided by 3230?
20
What is the remainder when 7735325 is divided by 1483?
1480
Calculate the remainder when 1081749 is divided by 56.
53
Calculate the remainder when 13077 is divided by 1818.
351
Calculate the remainder when 123512 is divided by 37.
6
What is the remainder when 213361 is divided by 106675?
11
Calculate the remainder when 17725 is divided by 169.
149
What is the remainder when 462 is divided by 354?
108
What is the remainder when 714 is divided by 43?
26
Calculate the remainder when 2327 is divided by 135.
32
Calculate the remainder when 9728 is divided by 231.
26
What is the remainder when 3039 is divided by 82?
5
What is the remainder when 971 is divided by 437?
97
What is the remainder when 64832 is divided by 154?
152
What is the remainder when 3058 is divided by 85?
83
Calculate the remainder when 1505 is divided by 1465.
40
What is the remainder when 64703 is divided by 789?
5
Calculate the remainder when 5445 is divided by 130.
115
What is the remainder when 152644 is divided by 78?
76
What is the remainder when 104558 is divided by 515?
13
What is the remainder when 1581 is divided by 1557?
24
Calculate the remainder when 10736 is divided by 5365.
6
What is the remainder when 114481 is divided by 31?
29
What is the remainder when 15232 is divided by 178?
102
What is the remainder when 19544 is divided by 19534?
10
Calculate the remainder when 1184 is divided by 168.
8
What is the remainder when 29029 is divided by 9674?
7
What is the remainder when 3087 is divided by 441?
0
Calculate the remainder when 481661 is divided by 481640.
21
What is the remainder when 1741 is divided by 576?
13
What is the remainder when 21823 is divided by 4?
3
What is the remainder when 43423 is divided by 244?
235
What is the remainder when 56125 is divided by 6998?
141
What is the remainder when 7329 is divided by 342?
147
Calculate the remainder when 18315 is divided by 31.
25
Calculate the remainder when 1269 is divided by 355.
204
What is the remainder when 9674 is divided by 483?
14
Calculate the remainder when 19332947 is divided by 70.
67
What is the remainder when 5513 is divided by 5476?
37
Calculate the remainder when 2071 is divided by 353.
306
Calculate the remainder when 477707 is divided by 132.
131
What is the remainder when 39081 is divided by 4340?
21
Calculate the remainder when 29210 is divided by 134.
132
What is the remainder when 3768 is divided by 460?
88
What is the remainder when 317574 is divided by 474?
468
What is the remainder when 2395 is divided by 676?
367
What is the remainder when 2992 is divided by 1396?
200
Calculate the remainder when 463 is divided by 115.
3
What is the remainder when 6502 is divided by 3246?
10
What is the remainder when 3006134 is divided by 1686?
1682
What is the remainder when 624779 is divided by 20?
19
What is the remainder when 95815 is divided by 145?
115
Calculate the remainder when 6438 is divided by 24.
6
Calculate the remainder when 3551 is divided by 463.
310
Calculate the remainder when 6713 is divided by 828.
89
What is the remainder when 118289 is divided by 613?
593
What is the remainder when 9970 is divided by 3239?
253
What is the remainder when 61723 is divided by 701?
35
What is the remainder when 5943 is divided by 132?
3
Calculate the remainder when 114363 is divided by 12697.
90
Calculate the remainder when 9363 is divided by 21.
18
Calculate the remainder when 5344663